atest common divisor of 94869 and 3175.
127
What is the greatest common factor of 117128 and 792?
88
What is the highest common factor of 885905 and 1?
1
Calculate the highest common factor of 16 and 107176.
8
Calculate the highest common factor of 430 and 66736.
86
What is the highest common divisor of 278 and 2230255?
139
Calculate the greatest common divisor of 7 and 206920.
7
Calculate the greatest common factor of 62 and 3534.
62
Calculate the greatest common factor of 44042 and 171.
19
What is the greatest common factor of 765 and 348555?
15
Calculate the highest common factor of 13839 and 105.
21
Calculate the greatest common divisor of 721002 and 6.
6
Calculate the highest common factor of 20 and 1162384.
4
What is the highest common divisor of 8192 and 29184?
512
What is the greatest common factor of 27144 and 2175?
87
Calculate the highest common divisor of 733944 and 4.
4
Calculate the highest common divisor of 107925 and 225.
75
Calculate the highest common divisor of 192 and 25672.
8
What is the greatest common divisor of 6 and 1652?
2
Calculate the greatest common factor of 6 and 66909.
3
What is the highest common divisor of 183 and 283467?
183
Calculate the greatest common divisor of 956 and 220119.
239
Calculate the greatest common divisor of 230 and 101315.
115
Calculate the highest common divisor of 4234 and 15403.
73
Calculate the highest common divisor of 16470 and 1620.
270
What is the greatest common divisor of 992 and 1702768?
496
Calculate the highest common divisor of 363 and 29645.
121
What is the highest common factor of 3835 and 111345?
65
Calculate the greatest common divisor of 102640 and 80.
80
Calculate the highest common factor of 4967504 and 1168.
1168
Calculate the highest common factor of 882 and 17514.
126
Calculate the greatest common divisor of 942 and 390459.
471
Calculate the greatest common factor of 6095 and 3127.
53
Calculate the highest common divisor of 109907 and 98.
49
What is the highest common factor of 884853 and 27?
9
Calculate the greatest common divisor of 1160 and 2523464.
232
What is the highest common factor of 48 and 928?
16
Calculate the highest common factor of 13078 and 91.
13
What is the greatest common divisor of 659162 and 56?
14
Calculate the greatest common divisor of 146241 and 108.
9
Calculate the greatest common factor of 703 and 2470.
19
Calculate the greatest common divisor of 581 and 2023.
7
What is the highest common divisor of 987738 and 66?
6
Calculate the highest common divisor of 3315600 and 864.
432
Calculate the greatest common divisor of 290 and 171506.
58
What is the greatest common divisor of 2542035 and 120?
15
Calculate the greatest common factor of 805 and 257945.
115
What is the greatest common factor of 10899 and 3717?
63
What is the greatest common factor of 24120 and 2144?
536
Calculate the highest common factor of 869 and 38929.
11
What is the greatest common factor of 216 and 205?
1
What is the greatest common divisor of 506 and 49984?
22
Calculate the highest common factor of 4176 and 62901.
261
What is the highest common divisor of 573153 and 13377?
1029
Calculate the greatest common factor of 3575 and 73775.
325
What is the greatest common divisor of 14910 and 54?
6
What is the highest common factor of 116277 and 1017?
339
What is the highest common divisor of 342 and 1902?
6
What is the highest common factor of 109109 and 11?
11
Calculate the greatest common divisor of 7296 and 3072.
384
What is the highest common factor of 8 and 38968?
8
Calculate the greatest common divisor of 145 and 109765.
145
What is the greatest common divisor of 23 and 17687?
23
Calculate the greatest common divisor of 608 and 4731.
19
What is the greatest common divisor of 224 and 6678560?
224
What is the greatest common divisor of 138720 and 1326?
102
What is the greatest common factor of 8628 and 460879?
719
Calculate the greatest common factor of 560 and 678440.
280
What is the greatest common divisor of 3088 and 7?
1
Calculate the greatest common factor of 53300 and 60.
20
Calculate the highest common divisor of 80 and 14860.
20
What is the greatest common divisor of 17025 and 68781?
681
Calculate the greatest common factor of 213330 and 1950.
390
What is the highest common divisor of 1716 and 19968?
156
Calculate the highest common factor of 542962 and 49.
7
Calculate the greatest common factor of 11619 and 5.
1
What is the greatest common divisor of 2110 and 27233770?
2110
Calculate the greatest common divisor of 230 and 56902.
46
Calculate the highest common factor of 13865 and 82895.
295
Calculate the greatest common factor of 1066641 and 57.
57
Calculate the highest common factor of 51790 and 50.
10
Calculate the highest common divisor of 8959 and 1643.
31
What is the highest common factor of 470 and 47846?
94
Calculate the greatest common divisor of 1320 and 666360.
120
What is the greatest common divisor of 282 and 4728?
6
Calculate the greatest common factor of 156268 and 49.
7
Calculate the greatest common factor of 267393 and 68.
17
What is the greatest common divisor of 813 and 73170?
813
Calculate the greatest common divisor of 1092 and 37884.
84
Calculate the highest common divisor of 6239 and 187.
17
What is the highest common divisor of 779823 and 396?
99
Calculate the highest common divisor of 47472 and 384.
48
Calculate the greatest common factor of 55664 and 588.
196
Calculate the highest common divisor of 36695 and 7585.
205
Calculate the greatest common factor of 189 and 6048.
189
What is the highest common factor of 11289 and 497?
71
What is the greatest common divisor of 299768 and 1855?
371
Calculate the greatest common divisor of 73 and 161695.
73
Calculate the greatest common divisor of 177658 and 416.
26
What is the highest common divisor of 878804 and 332?
332
Calculate the highest common factor of 27924 and 2678.
26
What is the greatest common divisor of 167300 and 180?
20
What is the highest common factor of 3488 and 48069?
109
Calculate the highest common divisor of 40 and 109350.
10
Calculate the greatest common factor of 12880 and 345.
115
What is the highest common divisor of 538904 and 1484?
212
What is the greatest common divisor of 56 and 392?
56
What is the greatest common divisor of 20000 and 14600?
200
What is the greatest common divisor of 6064 and 752?
16
Calculate the highest common divisor of 696 and 638.
58
Calculate the highest common factor of 158 and 999034.
158
Calculate the highest common divisor of 11552 and 416.
32
What is the highest common factor of 178 and 26611?
89
What is the greatest common divisor of 144765 and 45?
45
Calculate the highest common factor of 325050 and 33.
33
Calculate the highest common divisor of 616605 and 15.
15
Calculate the highest common divisor of 588 and 90111.
147
Calculate the highest common factor of 812 and 192444.
812
What is the greatest common factor of 927994 and 1394?
82
Calculate the greatest common divisor of 8118 and 7667.
451
What is the highest common factor of 416 and 775328?
32
Calculate the greatest common divisor of 11 and 30074242.
11
Calculate the highest common factor of 192124 and 172.
172
Calculate the greatest common factor of 294 and 7052619.
147
Calculate the highest common factor of 139936 and 32.
32
Calculate the greatest common factor of 604 and 23556.
604
What is the greatest common factor of 312 and 124572?
12
What is the greatest common divisor of 99 and 12712887?
99
Calculate the greatest common factor of 70 and 218386.
14
Calculate the highest common factor of 14 and 1005732.
14
What is the highest common factor of 112 and 1825656?
56
What is the highest common factor of 2240 and 4960?
160
Calculate the greatest common factor of 13272 and 2604.
84
What is the greatest common divisor of 155 and 1024085?
155
Calculate the greatest common divisor of 10094 and 2772.
14
What is the greatest common divisor of 895851 and 891?
99
Calculate the highest common divisor of 55 and 3120.
5
Calculate the highest common factor of 736450 and 44.
22
Calculate the highest common divisor of 35697 and 1533.
219
Calculate the greatest common factor of 611464 and 574.
14
What is the highest common factor of 21 and 197099?
7
Calculate the greatest common factor of 1176 and 3